{"id":985,"date":"2023-04-11T15:29:05","date_gmt":"2023-04-11T15:29:05","guid":{"rendered":"https:\/\/separis.ch\/home\/?page_id=985"},"modified":"2026-02-20T21:18:14","modified_gmt":"2026-02-20T21:18:14","slug":"985-2","status":"publish","type":"page","link":"https:\/\/separis.ch\/home\/index.php\/985-2\/","title":{"rendered":"AGB"},"content":{"rendered":"<p>[et_pb_section fb_built=&#187;1&#8243; _builder_version=&#187;4.20.4&#8243; _module_preset=&#187;default&#187; da_disable_devices=&#187;off|off|off&#187; global_colors_info=&#187;{}&#187; da_is_popup=&#187;off&#187; da_exit_intent=&#187;off&#187; da_has_close=&#187;on&#187; da_alt_close=&#187;off&#187; da_dark_close=&#187;off&#187; da_not_modal=&#187;on&#187; da_is_singular=&#187;off&#187; da_with_loader=&#187;off&#187; da_has_shadow=&#187;on&#187;][et_pb_row _builder_version=&#187;4.20.4&#8243; _module_preset=&#187;default&#187; global_colors_info=&#187;{}&#187;][et_pb_column type=&#187;4_4&#8243; _builder_version=&#187;4.20.4&#8243; _module_preset=&#187;default&#187; global_colors_info=&#187;{}&#187;][et_pb_blurb title=&#187;AGB&#187; _builder_version=&#187;4.20.4&#8243; _module_preset=&#187;default&#187; global_colors_info=&#187;{}&#187;]<\/p>\n<header class=\"entry-header \">\n<div class=\"entry-header-inner\">\n<h5 class=\"entry-title\"><span style=\"font-size: 16px;\">Allgemeine Gesch\u00e4ftsbedingungen \u00a0(AGB) von separis.ch<\/span><\/h5>\n<\/div>\n<\/header>\n<div class=\"post-entry tc-content-inner\">\n<section class=\"post-content entry-content \">\n<div class=\"czr-wp-the-content\">\n<p><span>Es ist ausschliesslich schweizerisches Recht anwendbar. Gerichtsstand ist Tafers im Kanton Freiburg.<\/span><\/p>\n<p><span>Die Nutzung von separis.ch impliziert Ihre Zustimmung zu folgenden Allgemeinen Gesch\u00e4ftsbedingungen (AGB) und den darin enthaltenen Haftungsausschl\u00fcssen.<\/span><\/p>\n<p><span>Es wird keine Gew\u00e4hrleistung der von separis.ch publizierten Inhalte (Texte, Dokumentvorlagen, Links, etc.) bzgl. Aktualit\u00e4t, Korrektheit, Vollst\u00e4ndigkeit, etc. \u00fcbernommen. Es wird jegliche Haftung f\u00fcr die Links auf Drittseiten abgewiesen \u2013 die Verantwortung f\u00fcr diese Inhalte obliegt den jeweiligen Betreibern.<\/span><\/p>\n<p><span>Insbesondere wird keine Haftung f\u00fcr die Berechnungen f\u00fcr Unterhalt, Vorsorge und G\u00fcterrecht \u00fcbernommen \u2013 bei den genannten Punkten geht es oft um umstrittene Aspekte. Das Gericht hat bei den Berechnungen und Entscheidungen erheblichen Ermessensspielraum. Die Berechnungsergebnisse basieren auf der Selbstdeklaration und h\u00e4ngt massgeblich von der Genauigkeit und der Vollst\u00e4ndigkeit der Berechnungsgrundlagen ab. Jede Situation ist individuell verschieden und es kann nicht allen ergebnisbeeinflussenden Gegebenheiten Rechnung getragen werden. Aus diesen Gr\u00fcnden kann keine Gew\u00e4hr f\u00fcr die Berechnungen f\u00fcr die individuelle Situation gegeben werden \u2013 die Informationen sind indikativ und k\u00f6nnen unter Umst\u00e4nden vom Gerichtsurteil abweichen.<\/span><\/p>\n<p><span>separis.ch lehnt jede Haftung f\u00fcr Sch\u00e4den ab, welche aus der Nutzung der Software resultieren k\u00f6nnten.<\/span><\/p>\n<p><span>separis.ch sichert zu, dass die Inhalte nach besten Wissen und Gewissen redigiert werden.<\/span><\/p>\n<p><span>separis.ch sichert nicht zu, dass der Inhalt der zur Verf\u00fcgung gestellten Dokumente und Berechnungen, welche vom Benutzer der Situation gem\u00e4ss angepasst werden m\u00fcssen, zwischen dem Ersteller und seinem Partner, bzw. seiner Partnerin vor Gericht bedingungslos genehmigt wird.<\/span><\/p>\n<p><span>separis.ch\u00a0 stellt Informationen und Vorlagen zur selbstverantwortlichen Erstellung von Dokumenten zur Verf\u00fcgung, eine Vertretung vor Gericht wird damit ausgeschlossen.<\/span><\/p>\n<p><span data-contrast=\"auto\" class=\"TextRun  BCX0 SCXO231267128\" xml:lang=\"DE-CH\" lang=\"DE-CH\"><span class=\"NormalTextRun  BCX0 SCXO231267128\">Es gelten die separat publizierte<span>\u00a0<\/span><\/span><\/span><a class=\"HyperlinkV2  BCX0 SCXO231267128\" href=\"https:\/\/separis.ch\/home\/index.php\/datenschutz\/\" target=\"_blank\" rel=\"noreferrer noopener\"><span data-contrast=\"auto\" class=\"TextRun  BCX0 SCXO231267128\" xml:lang=\"DE-CH\" lang=\"DE-CH\"><span class=\"NormalTextRun  BCX0 SCXO231267128\">Datenschutzerkl\u00e4rung<\/span><\/span><\/a><span data-contrast=\"auto\" class=\"TextRun  BCX0 SCXO231267128\" xml:lang=\"DE-CH\" lang=\"DE-CH\"><span class=\"NormalTextRun  BCX0 SCXO231267128\"><span>\u00a0<\/span>sowie die vorliegenden AGB.<\/span><\/span><\/p>\n<p>&nbsp;<\/p>\n<\/div>\n<\/section>\n<\/div>\n<p>[\/et_pb_blurb][\/et_pb_column][\/et_pb_row][\/et_pb_section]<\/p>\n","protected":false},"excerpt":{"rendered":"<p>Allgemeine Gesch\u00e4ftsbedingungen \u00a0(AGB) von separis.ch Es ist ausschliesslich schweizerisches Recht anwendbar. Gerichtsstand ist Tafers im Kanton Freiburg. Die Nutzung von separis.ch impliziert Ihre Zustimmung zu folgenden Allgemeinen Gesch\u00e4ftsbedingungen (AGB) und den darin enthaltenen Haftungsausschl\u00fcssen. Es wird keine Gew\u00e4hrleistung der von separis.ch publizierten Inhalte (Texte, Dokumentvorlagen, Links, etc.) bzgl. Aktualit\u00e4t, Korrektheit, Vollst\u00e4ndigkeit, etc. \u00fcbernommen. Es wird [&hellip;]<\/p>\n","protected":false},"author":1,"featured_media":0,"parent":0,"menu_order":0,"comment_status":"closed","ping_status":"closed","template":"","meta":{"_et_pb_use_builder":"on","_et_pb_old_content":"","_et_gb_content_width":"","footnotes":""},"class_list":["post-985","page","type-page","status-publish","hentry"],"_links":{"self":[{"href":"https:\/\/separis.ch\/home\/index.php\/wp-json\/wp\/v2\/pages\/985","targetHints":{"allow":["GET"]}}],"collection":[{"href":"https:\/\/separis.ch\/home\/index.php\/wp-json\/wp\/v2\/pages"}],"about":[{"href":"https:\/\/separis.ch\/home\/index.php\/wp-json\/wp\/v2\/types\/page"}],"author":[{"embeddable":true,"href":"https:\/\/separis.ch\/home\/index.php\/wp-json\/wp\/v2\/users\/1"}],"replies":[{"embeddable":true,"href":"https:\/\/separis.ch\/home\/index.php\/wp-json\/wp\/v2\/comments?post=985"}],"version-history":[{"count":8,"href":"https:\/\/separis.ch\/home\/index.php\/wp-json\/wp\/v2\/pages\/985\/revisions"}],"predecessor-version":[{"id":1462,"href":"https:\/\/separis.ch\/home\/index.php\/wp-json\/wp\/v2\/pages\/985\/revisions\/1462"}],"wp:attachment":[{"href":"https:\/\/separis.ch\/home\/index.php\/wp-json\/wp\/v2\/media?parent=985"}],"curies":[{"name":"wp","href":"https:\/\/api.w.org\/{rel}","templated":true}]}}